digit of 299222013?
2
What is the units digit of 46907254?
4
What is the ten millions digit of 41257641?
4
What is the tens digit of 54464417?
1
What is the ten thousands digit of 400477875?
7
What is the tens digit of 16136104?
0
What is the hundred thousands digit of 569207900?
2
What is the hundred thousands digit of 6938163829?
1
What is the hundreds digit of 1045641059?
0
What is the hundreds digit of 663121499?
4
What is the hundred thousands digit of 232962763?
9
What is the millions digit of 36803828?
6
What is the ten millions digit of 6016902358?
1
What is the hundreds digit of 1790225480?
4
What is the units digit of 93366427?
7
What is the tens digit of 2376942212?
1
What is the thousands digit of 17269085?
9
What is the hundreds digit of 143022150?
1
What is the tens digit of 2033966646?
4
What is the ten millions digit of 37699061?
3
What is the ten thousands digit of 108133562?
3
What is the ten millions digit of 218794326?
1
What is the units digit of 130808641?
1
What is the ten millions digit of 144646278?
4
What is the hundreds digit of 125556369?
3
What is the millions digit of 1335978285?
5
What is the units digit of 53157707?
7
What is the tens digit of 389422030?
3
What is the units digit of 6866114?
4
What is the hundreds digit of 3255160337?
3
What is the millions digit of 74089998?
4
What is the hundred millions digit of 3525249878?
5
What is the ten thousands digit of 6738709?
3
What is the hundred millions digit of 4438376273?
4
What is the ten millions digit of 897376746?
9
What is the hundreds digit of 202588894?
8
What is the hundred millions digit of 1003471120?
0
What is the ten millions digit of 1779439788?
7
What is the thousands digit of 299685016?
5
What is the ten thousands digit of 59538202?
3
What is the thousands digit of 626621185?
1
What is the hundred millions digit of 154825782?
1
What is the hundreds digit of 48256668?
6
What is the millions digit of 1186474341?
6
What is the ten millions digit of 4688778934?
8
What is the tens digit of 230904904?
0
What is the ten thousands digit of 1610845099?
4
What is the tens digit of 17953355?
5
What is the hundreds digit of 93901320?
3
What is the ten thousands digit of 112404113?
0
What is the units digit of 1093599448?
8
What is the hundred thousands digit of 6179790035?
7
What is the tens digit of 1431706772?
7
What is the millions digit of 765253959?
5
What is the billions digit of 4221487747?
4
What is the millions digit of 15993417?
5
What is the thousands digit of 6659365211?
5
What is the millions digit of 268810136?
8
What is the hundred thousands digit of 1193687841?
6
What is the hundreds digit of 39816275?
2
What is the hundred millions digit of 160643541?
1
What is the hundred thousands digit of 10066374?
0
What is the billions digit of 2333644821?
2
What is the units digit of 54156562?
2
What is the ten thousands digit of 71862697?
6
What is the units digit of 72862246?
6
What is the units digit of 2816105193?
3
What is the ten millions digit of 41079572?
4
What is the ten millions digit of 376162148?
7
What is the hundred millions digit of 245834965?
2
What is the hundred thousands digit of 7609409?
6
What is the hundreds digit of 997679616?
6
What is the millions digit of 66636170?
6
What is the units digit of 3759325799?
9
What is the tens digit of 3211262114?
1
What is the millions digit of 92824495?
2
What is the ten millions digit of 1760851217?
6
What is the millions digit of 38223761?
8
What is the ten thousands digit of 2976772865?
7
What is the hundred millions digit of 3598315776?
5
What is the thousands digit of 184169803?
9
What is the units digit of 216443126?
6
What is the units digit of 75078239?
9
What is the ten thousands digit of 7000790825?
9
What is the hundreds digit of 395495507?
5
What is the millions digit of 6244172476?
4
What is the billions digit of 1278119163?
1
What is the hundreds digit of 1975239439?
4
What is the units digit of 159826596?
6
What is the units digit of 693126472?
2
What is the ten millions digit of 923291323?
2
What is the hundreds digit of 134059622?
6
What is the ten millions digit of 381711837?
8
What is the units digit of 438406707?
7
What is the millions digit of 1085631368?
5
What is the millions digit of 58471620?
8
What is the thousands digit of 1751194703?
4
What is the thousands digit of 836889052?
9
What is the hundred thousands digit of 3458663?
4
What is the units digit of 222304480?
0
What is the ten millions digit of 75654378?
7
What is the millions digit of 389781945?
9
What is the tens digit of 766112018?
1
What is the hundreds digit of 334888356?
3
What is the ten millions digit of 62916554?
6
What is the hundreds digit of 340019782?
7
What is the thousands digit of 1253212184?
2
What is the units digit of 1670498?
8
What is the ten thousands digit of 43053426?
5
What is the ten millions digit of 30071366?
3
What is the ten thousands digit of 552654754?
5
What is the units digit of 38304174?
4
What is the ten thousands digit of 783628932?
2
What is the thousands digit of 1030452156?
2
What is the hundreds digit of 3168860774?
7
What is the hundreds digit of 83154894?
8
What is the ten millions digit of 24520213?
2
What is the thousands digit of 343290044?
0
What is the millions digit of 95502714?
5
What is the units digit of 2291115494?
4
What is the ten millions digit of 32453878?
3
What is the hundred thousands digit of 3495532883?
5
What is the thousands digit of 4694013041?
3
What is the units digit of 14184021?
1
What is the ten millions digit of 589813271?
8
What is the thousands digit of 61495400?
5
What is the hundreds digit of 974040600?
6
What is the hundreds digit of 207660750?
7
What is the tens digit of 183985322?
2
What is the ten millions digit of 183543043?
8
What is the tens digit of 85536493?
9
What is the millions digit of 241285929?
1
What is the tens digit of 329707880?
8
What is the units digit of 161177806?
6
What is the millions digit of 214804031?
4
What is the hundreds digit of 30367724?
7
What is the tens digit of 64289563?
6
What is the hundred millions digit of 168215398?
1
What is the millions digit of 24129455?
4
What is the billions digit of 4844086461?
4
What is the millions digit of 432643419?
2
What is the units digit of 1158783396?
6
What is the ten thousands digit of 1396067908?
6
What is the ten thousands digit of 22787136?
8
What is the tens digit of 90349597?
9
What is the thousands digit of 114592504?
2
What is the ten thousands digit of 144327391?
2
What is the hundreds digit of 561085688?
6
What is the tens digit of 295893058?
5
What is the thousands digit of 688001799?
1
What is the ten millions digit of 29882569?
2
What is the millions digit of 544384107?
4
What is the billions digit of 1417412450?
1
What is the hundred thousands digit of 60637306?
6
What is the millions digit of 8343658956?
3
What is the units digit of 534313105?
5
What is the millions digit of 4032329759?
2
What is the tens digit of 136276542?
4
What is the millions digit of 32458505?
2
What is the millions digit of 169132137?
9
What is the hundred thousands digit of 49866002?
8
What is the millions digit of 350539031?
0
What is the units digit of 113392077?
7
What is the hundreds digit of 16294017?
0
What is the hundreds digit of 371554722?
7
What is the thousands digit of 98015522?
5
What is the thousands digit of 3400281171?
1
What is the hundred thousands digit of 2978607?
9
What is the tens digit of 7596873?
7
What is the ten millions digit of 248327823?
4
What is the ten thousands digit of 63446962?
4
What is the ten millions digit of 1197416016?
9
What is the ten millions digit of 1553622349?
5
What is the thousands digit of 61679317?
9
What is the hundreds digit of 86665905?
9
What is the ten millions digit of 622389888?
2
What is the hundred thousands digit of 101889420?
8
What is the units digit of 1188687058?
8
What is the thousands digit of 398246833?
6
What is the millions digit of 195507860?
5
What is the hundreds digit of 3983764769?
7
What is the thousands digit of 712823180?
3
What is the ten thousands digit of 2310603?
1
What is the tens digit of 234458475?
7
What is the thousands digit of 73674148?
4
What is the ten millions digit of 120957368